 -27 - -60. Suppose -7*q + 4*q = -y. Let r = -67 - -166. Calculate the greatest common factor of r and q.
11
Suppose 2*m = -f - 3*f + 826, 4*m + 211 = f. Suppose 3*o - 72 = -a, -f = -2*a + 3*o - 81. Calculate the greatest common factor of 6 and a.
6
Suppose -29*j + 81 = -26*j. Calculate the greatest common factor of 72 and j.
9
Let h = 190 - 151. What is the greatest common factor of 78 and h?
39
Let u(k) = -k**3 - 8*k**2 + 12*k + 2. Let t be u(-9). Let l be 10/4*(-10)/t. Let m = 7 - l. Calculate the highest common factor of m and 6.
6
Let k be -4 + (-4)/(16/(-44)) + 3. What is the greatest common factor of 250 and k?
10
Suppose 3*o + 4*s + 7 + 21 = 0, -2*s = 5*o + 56. Let b be (o/(-8))/((-12)/(-880)). What is the greatest common factor of b and 44?
22
Let q = 1 - 1. Suppose -100 + q = -5*j. Suppose -3*d + j = 4*u, 1 = 5*d - 4*u - 43. Calculate the highest common divisor of 64 and d.
8
Let b(u) = -12*u + 5. Let i be b(-5). Let r(h) = 8*h - 207. Let c be r(31). Let m = i - c. What is the greatest common factor of 12 and m?
12
Let b = 766 - 688. What is the greatest common factor of b and 54?
6
Let u(l) = 22*l + 208. Let n be u(0). Calculate the highest common divisor of 256 and n.
16
Let u = 16 - 10. Let s be -3*5/60*6*(-4 + 0). Calculate the highest common factor of u and s.
6
Let g(b) = b**2 + 28*b + 42. Let h be g(-27). What is the highest common factor of h and 1245?
15
Let p(s) = -49*s**2 + 1. Let k be p(-1). Let f be (k/(-14))/(10/35). What is the highest common factor of 4 and f?
4
Suppose -2*m - 4 = -34. Suppose l + 329 = 339. Calculate the highest common factor of m and l.
5
Suppose -4*x + 8 = 0, 2047 = 5*o + 5*x - 1723. Calculate the highest common divisor of 16 and o.
16
Suppose 3*v + 47 = u + 3*u, -u = -2*v - 18. Suppose -3*n - 3*j = -66, 3*j = 4*j + 2. Let d = 40 + n. Calculate the highest common divisor of u and d.
8
Suppose 0 = -0*i - i + 4. Suppose t + 150 = i*t. Suppose 2*w = -3*w + t. What is the greatest common factor of w and 40?
10
Suppose 8*a = 23*a - 7800. Calculate the highest common divisor of a and 65.
65
Suppose q - 2*q = -8. Suppose 7*p - 80 = -p. Suppose -p*x = -5*x - 360. Calculate the highest common divisor of x and q.
8
Let n(m) = 3*m - 32. Let b be n(12). Let p be (-6220)/(-25) + b + 2/10. Calculate the greatest common divisor of p and 23.
23
Let t(y) be the first derivative of 27*y**3 - 35. Let b be t(1). Calculate the highest common divisor of 9 and b.
9
Let r(g) = 3*g + 29. Let n be r(-17). Let l = n - -42. What is the greatest common divisor of l and 20?
20
Let k = -123 - -244. Let a be (1*-3)/((-33)/k). What is the highest common divisor of 55 and a?
11
Suppose -2*l = -4*o + 84, 4*o + 0*l = l + 84. Suppose -o*c = -27*c + 36. What is the highest common factor of 48 and c?
6
Let r(p) = -5*p**3 - 40*p**2 - 26*p - 64. Let u be r(-8). Calculate the highest common factor of 208 and u.
16
Let k be 6/(-81)*3 + 268/(-9). Let b = 66 + k. What is the highest common divisor of 12 and b?
12
Let a = 79 + -130. Let s be 34/a*18/(-4). What is the highest common factor of 21 and s?
3
Suppose -32*f - 741 = -3685. Calculate the greatest common divisor of f and 23.
23
Let u(w) = -2*w**2 + w + 3. Let n be u(2). Let t be (n/(-2))/((-1)/(-26)). Calculate the highest common divisor of t and 13.
13
Let l = -509 + 620. What is the greatest common divisor of l and 37?
37
Suppose 4*r = -s + 114, 3*s - 333 = -2*r - r. Let t(w) = 3*w**2 - 33*w + 64. Let o be t(9). Calculate the greatest common factor of s and o.
10
Suppose 5*w + 2 = 6*w + h, -4*w + 4*h = 0. Calculate the greatest common factor of 16 and w.
1
Let b = 27 - 13. Let c = -8 + b. Suppose 2*w - 3 = 5*k - c, -3*w + 1 = -2*k. Calculate the highest common factor of k and 11.
1
Suppose 0 = -247*y + 257*y - 810. What is the greatest common divisor of y and 15?
3
Let b(s) = s**2 + 3*s - 8. Let x be b(-5). What is the greatest common factor of x and 14?
2
Suppose 2*x = -4*q + 256, q + 5*x - 55 = -9. What is the highest common divisor of 132 and q?
66
Let z(g) = -204*g + 21. Let f be z(0). What is the greatest common factor of 581 and f?
7
Let z(v) = -7*v - 79. Let k be z(-14). Calculate the greatest common factor of k and 1216.
19
Suppose -6*k + 216 = 3*k. What is the greatest common divisor of 84 and k?
12
Suppose 0 = -p + 6 - 1. Suppose -c - p*c = -144. Calculate the highest common divisor of 36 and c.
12
Let v be (72/(-7))/((-158)/1659). What is the greatest common factor of 24 and v?
12
Let w be 402*(-7)/(-42) - 3. Let r be 24/10*(-40)/(-12). What is the highest common factor of r and w?
8
Suppose 0 = 2*x - 251 - 69. Let v be (-4)/14 + 3/(105/710). Calculate the greatest common factor of x and v.
20
Let j be (-1 - (-9)/6)*10. Suppose 112 = 4*g - j*w, 2*g - w = -3*g + 140. Let v = -17 + g. What is the highest common factor of v and 22?
11
Suppose -4*w + 318 = -514. Let v be (-3)/(-18)*-2*-9. Suppose -v*c + w = c. What is the highest common divisor of c and 13?
13
Let m = -49 + 67. Let u = -33 - -78. Calculate the greatest common divisor of u and m.
9
Suppose -346*n + 114 = -344*n. What is the greatest common factor of 304 and n?
19
Let v be 14*6*(1 + (-5)/20). Let o = 44 + -35. What is the greatest common factor of o and v?
9
Let m(o) = -3*o**2 - 3*o + 6. Let a be m(0). Let f be (-28)/(-16) + 1/4. Calculate the greatest common divisor of a and f.
2
Let p = -77 - -236. Suppose 5*q + 54 = p. Let a be 120/35*q/2. Calculate the highest common divisor of 18 and a.
18
Let m(f) = f + 6. Let u be m(7). Let g = u - 10. Suppose 3*y - 3 = -5*b, -b + 9 + 6 = g*y. What is the highest common factor of 4 and y?
2
Suppose 0 = -2*t - 2*j + 1856, 3*j - 3688 = -4*t + 5*j. Suppose t = 4*p - p. What is the highest common factor of p and 28?
28
Let d be (-728)/35*(3 - 22/4). Calculate the highest common factor of d and 8.
4
Suppose 2*x + 0*x - 54 = 0. Suppose -4*k = x - 3. Let y(g) = -2*g - 6. Let t be y(k). Calculate the greatest common divisor of t and 42.
6
Suppose 2*t - 3*t - 3*w = -18, -5*t - 4*w + 68 = 0. What is the highest common factor of t and 1176?
12
Let c = 28 - 3. Let v = -11 + c. Let r be (-2)/12 + (-1 - 91/(-6)). What is the highest common factor of r and v?
14
Let s be 56/(-3) + (-36)/27. Let h = s - -36. Calculate the highest common factor of 8 and h.
8
Let q = 31 + -30. Let k be (q - 1/2)*14. Suppose -2*v + 41 + 71 = 0. Calculate the greatest common factor of k and v.
7
Suppose 37 = -105*b + 109*b + 5*g, 28 = 4*b - 4*g. Suppose -247 = 5*h - 27. Let f be (-1*2 + 0)*h. What is the greatest common divisor of f and b?
8
Suppose 0 = 19*m - 6*m - 520. Calculate the highest common divisor of m and 32.
8
Suppose g + 14 = n, 5*n = -3*g + 12 + 18. Let j = 157 - 145. Calculate the greatest common factor of j and n.
3
Let y = -106 + 41. Let c = y + 66. What is the highest common divisor of 1 and c?
1
Let k(u) = 5*u**2 - 5*u - 4. Let b be k(-4). Suppose -t - 7*t = -600. Let o be -30*(-10)/t*3. What is the highest common divisor of o and b?
12
Let g be ((-196)/84)/(2/(-42)). Calculate the highest common divisor of 1 and g.
1
Suppose -16 = -2*a - 4*q + 84, 4*a - 135 = 5*q. Calculate the greatest common factor of 100 and a.
20
Let j(c) = c + 7. Let k be j(11). Let w be ((-216)/(-40))/(2/20). Calculate the greatest common divisor of w and k.
18
Suppose 6*i + 1210 = a + 3*i, -3*a + 3674 = 2*i. Calculate the greatest common divisor of 26 and a.
26
Suppose 9 = 2*t - 15. Let f = 16 + -14. Suppose -2*m = -2*d - f, m + 3*d - 17 = 4. What is the highest common divisor of t and m?
6
Suppose -2*r = -5*f + 115, 2*r = 36*f - 34*f - 52. What is the highest common divisor of f and 7?
7
Let b = 704 - -706. Calculate the highest common factor of 30 and b.
30
Let b(j) = 7*j + 10. Let r(d) = -1. Let y(o) = b(o) + 2*r(o). Let i be y(6). What is the highest common factor of 25 and i?
25
Let w(b) = -19*b + 286. Let t be w(0). What is the greatest common factor of 26 and t?
26
Let b = 19 + -15. Suppose 155 = i + 5*t, 6*t - 692 = -b*i + 4*t. What is the highest common factor of 35 and i?
35
Let x(y) = -y**3 + 13*y**2 - 20*y - 10. Let g be 356/32 - 3/24. Let u be x(g). Calculate the greatest common factor of u and 48.
12
Let t be ((-6)/10 - -1) + 290/25. What is the greatest common divisor of t and 102?
6
Suppose 27 =